{"id":3575,"date":"2020-12-07T18:05:20","date_gmt":"2020-12-07T18:05:20","guid":{"rendered":"https:\/\/gpsites.co\/donate\/?page_id=3575"},"modified":"2022-12-15T13:46:44","modified_gmt":"2022-12-15T19:46:44","slug":"about","status":"publish","type":"page","link":"https:\/\/mcclick.com.mx\/index.php\/about\/","title":{"rendered":"Acerca de"},"content":{"rendered":"<div class=\"gb-container gb-container-8d8a39cf\"><div class=\"gb-inside-container\">\n<div class=\"gb-grid-wrapper gb-grid-wrapper-0e35b946\">\n<div class=\"gb-grid-column gb-grid-column-fab78e7d\"><div class=\"gb-container gb-container-fab78e7d\"><div class=\"gb-inside-container\">\n\n<h2 class=\"gb-headline gb-headline-2e0f032a gb-headline-text\">McClick Oilfield Services S.A. de C.V.<\/h2>\n\n\n\n<p>Mclick Oilfield Services S.A de C.V., es una empresa mexicana fundada en 2019, por ingenieros mexicanos, con la misi\u00f3n de proveer al sector petrolero, energ\u00e9tico e industrial los equipos, herramientas, consumibles y piezas de reemplazo para la realizaci\u00f3n de sus operaciones, cumpliendo con los m\u00e1s altos est\u00e1ndares de calidad, servicio y seguridad. Y la visi\u00f3n de ser una empresa l\u00edder en M\u00e9xico en la comercializaci\u00f3n de productos especializados, siendo reconocida por la calidad, precio, servicio y condiciones de compra proporcionado a nuestros clientes, innovando con nuevos productos y con procesos que facilitan la experiencia del cliente.<br>Nuestra empresa se maneja con honestidad, integridad y un alto nivel de compromiso para satisfacer las necesidades de nuestros clientes.<\/p>\n\n\n\n<p>.<\/p>\n\n\n\n<p><\/p>\n\n<\/div><\/div><\/div>\n\n<div class=\"gb-grid-column gb-grid-column-97ddc147\"><div class=\"gb-container gb-container-97ddc147\"><div class=\"gb-inside-container\">\n\n<figure class=\"wp-block-image size-large image-style img\"><img loading=\"lazy\" width=\"1024\" height=\"585\" src=\"https:\/\/mcclick.com.mx\/wp-content\/uploads\/2022\/12\/21346-Convertido-1024x585.jpg\" alt=\"\" class=\"wp-image-4904\" srcset=\"https:\/\/mcclick.com.mx\/wp-content\/uploads\/2022\/12\/21346-Convertido-1024x585.jpg 1024w, https:\/\/mcclick.com.mx\/wp-content\/uploads\/2022\/12\/21346-Convertido-300x171.jpg 300w, https:\/\/mcclick.com.mx\/wp-content\/uploads\/2022\/12\/21346-Convertido-768x439.jpg 768w, https:\/\/mcclick.com.mx\/wp-content\/uploads\/2022\/12\/21346-Convertido-1536x878.jpg 1536w, https:\/\/mcclick.com.mx\/wp-content\/uploads\/2022\/12\/21346-Convertido-2048x1170.jpg 2048w\" sizes=\"(max-width: 1024px) 100vw, 1024px\" \/><\/figure>\n\n<\/div><\/div><\/div>\n<\/div>\n<\/div><\/div>\n\n<div class=\"gb-container gb-container-5ab7a396\"><div class=\"gb-inside-container\">\n<div class=\"gb-grid-wrapper gb-grid-wrapper-8c409e83\">\n<div class=\"gb-grid-column gb-grid-column-68b8a67a\"><div class=\"gb-container gb-container-68b8a67a\"><div class=\"gb-inside-container\">\n\n<h3 class=\"gb-headline gb-headline-48dc581d gb-headline-text\">Valores<\/h3>\n\n\n\n<p class=\"gb-headline gb-headline-19a422a9\"><span class=\"gb-icon\"><svg aria-hidden=\"true\" height=\"1em\" width=\"1em\" viewBox=\"0 0 512 512\" xmlns=\"http:\/\/www.w3.org\/2000\/svg\"><path fill=\"currentColor\" d=\"M256 8C119.033 8 8 119.033 8 256s111.033 248 248 248 248-111.033 248-248S392.967 8 256 8zm0 48c110.532 0 200 89.451 200 200 0 110.532-89.451 200-200 200-110.532 0-200-89.451-200-200 0-110.532 89.451-200 200-200m140.204 130.267l-22.536-22.718c-4.667-4.705-12.265-4.736-16.97-.068L215.346 303.697l-59.792-60.277c-4.667-4.705-12.265-4.736-16.97-.069l-22.719 22.536c-4.705 4.667-4.736 12.265-.068 16.971l90.781 91.516c4.667 4.705 12.265 4.736 16.97.068l172.589-171.204c4.704-4.668 4.734-12.266.067-16.971z\"><\/path><\/svg><\/span><span class=\"gb-headline-text\">Calidad en nuestros productos<\/span><\/p>\n\n\n\n<p class=\"gb-headline gb-headline-1186cbcb\"><span class=\"gb-icon\"><svg aria-hidden=\"true\" height=\"1em\" width=\"1em\" viewBox=\"0 0 512 512\" xmlns=\"http:\/\/www.w3.org\/2000\/svg\"><path fill=\"currentColor\" d=\"M256 8C119.033 8 8 119.033 8 256s111.033 248 248 248 248-111.033 248-248S392.967 8 256 8zm0 48c110.532 0 200 89.451 200 200 0 110.532-89.451 200-200 200-110.532 0-200-89.451-200-200 0-110.532 89.451-200 200-200m140.204 130.267l-22.536-22.718c-4.667-4.705-12.265-4.736-16.97-.068L215.346 303.697l-59.792-60.277c-4.667-4.705-12.265-4.736-16.97-.069l-22.719 22.536c-4.705 4.667-4.736 12.265-.068 16.971l90.781 91.516c4.667 4.705 12.265 4.736 16.97.068l172.589-171.204c4.704-4.668 4.734-12.266.067-16.971z\"><\/path><\/svg><\/span><span class=\"gb-headline-text\">Profesionalismo<\/span><\/p>\n\n\n\n<p class=\"gb-headline gb-headline-b4b61865\"><span class=\"gb-icon\"><svg aria-hidden=\"true\" height=\"1em\" width=\"1em\" viewBox=\"0 0 512 512\" xmlns=\"http:\/\/www.w3.org\/2000\/svg\"><path fill=\"currentColor\" d=\"M256 8C119.033 8 8 119.033 8 256s111.033 248 248 248 248-111.033 248-248S392.967 8 256 8zm0 48c110.532 0 200 89.451 200 200 0 110.532-89.451 200-200 200-110.532 0-200-89.451-200-200 0-110.532 89.451-200 200-200m140.204 130.267l-22.536-22.718c-4.667-4.705-12.265-4.736-16.97-.068L215.346 303.697l-59.792-60.277c-4.667-4.705-12.265-4.736-16.97-.069l-22.719 22.536c-4.705 4.667-4.736 12.265-.068 16.971l90.781 91.516c4.667 4.705 12.265 4.736 16.97.068l172.589-171.204c4.704-4.668 4.734-12.266.067-16.971z\"><\/path><\/svg><\/span><span class=\"gb-headline-text\">Compromiso con nuestros clientes<\/span><\/p>\n\n\n\n<p class=\"gb-headline gb-headline-71ae3f3a\"><span class=\"gb-icon\"><svg aria-hidden=\"true\" height=\"1em\" width=\"1em\" viewBox=\"0 0 512 512\" xmlns=\"http:\/\/www.w3.org\/2000\/svg\"><path fill=\"currentColor\" d=\"M256 8C119.033 8 8 119.033 8 256s111.033 248 248 248 248-111.033 248-248S392.967 8 256 8zm0 48c110.532 0 200 89.451 200 200 0 110.532-89.451 200-200 200-110.532 0-200-89.451-200-200 0-110.532 89.451-200 200-200m140.204 130.267l-22.536-22.718c-4.667-4.705-12.265-4.736-16.97-.068L215.346 303.697l-59.792-60.277c-4.667-4.705-12.265-4.736-16.97-.069l-22.719 22.536c-4.705 4.667-4.736 12.265-.068 16.971l90.781 91.516c4.667 4.705 12.265 4.736 16.97.068l172.589-171.204c4.704-4.668 4.734-12.266.067-16.971z\"><\/path><\/svg><\/span><span class=\"gb-headline-text\">Servicio de excelencia en la atenci\u00f3n al cliente<\/span><\/p>\n\n\n\n<p class=\"gb-headline gb-headline-e1db52f3\"><span class=\"gb-icon\"><svg aria-hidden=\"true\" height=\"1em\" width=\"1em\" viewBox=\"0 0 512 512\" xmlns=\"http:\/\/www.w3.org\/2000\/svg\"><path fill=\"currentColor\" d=\"M256 8C119.033 8 8 119.033 8 256s111.033 248 248 248 248-111.033 248-248S392.967 8 256 8zm0 48c110.532 0 200 89.451 200 200 0 110.532-89.451 200-200 200-110.532 0-200-89.451-200-200 0-110.532 89.451-200 200-200m140.204 130.267l-22.536-22.718c-4.667-4.705-12.265-4.736-16.97-.068L215.346 303.697l-59.792-60.277c-4.667-4.705-12.265-4.736-16.97-.069l-22.719 22.536c-4.705 4.667-4.736 12.265-.068 16.971l90.781 91.516c4.667 4.705 12.265 4.736 16.97.068l172.589-171.204c4.704-4.668 4.734-12.266.067-16.971z\"><\/path><\/svg><\/span><span class=\"gb-headline-text\">Innovaci\u00f3n y creatividad<\/span><\/p>\n\n\n\n<p class=\"gb-headline gb-headline-96e23801\"><span class=\"gb-icon\"><svg aria-hidden=\"true\" height=\"1em\" width=\"1em\" viewBox=\"0 0 512 512\" xmlns=\"http:\/\/www.w3.org\/2000\/svg\"><path fill=\"currentColor\" d=\"M256 8C119.033 8 8 119.033 8 256s111.033 248 248 248 248-111.033 248-248S392.967 8 256 8zm0 48c110.532 0 200 89.451 200 200 0 110.532-89.451 200-200 200-110.532 0-200-89.451-200-200 0-110.532 89.451-200 200-200m140.204 130.267l-22.536-22.718c-4.667-4.705-12.265-4.736-16.97-.068L215.346 303.697l-59.792-60.277c-4.667-4.705-12.265-4.736-16.97-.069l-22.719 22.536c-4.705 4.667-4.736 12.265-.068 16.971l90.781 91.516c4.667 4.705 12.265 4.736 16.97.068l172.589-171.204c4.704-4.668 4.734-12.266.067-16.971z\"><\/path><\/svg><\/span><span class=\"gb-headline-text\">Honestidad e Integridad<\/span><\/p>\n\n<\/div><\/div><\/div>\n<\/div>\n<\/div><div class=\"gb-shapes\"><div class=\"gb-shape gb-shape-1\"><svg xmlns=\"http:\/\/www.w3.org\/2000\/svg\" viewBox=\"0 0 1200 218\" preserveAspectRatio=\"none\"><path d=\"M0 218h1200v-31.3l-40 4.4c-40 4.8-120 13.1-200 0-80-13.6-160-48.6-240-66.7-80-17.8-160-17.8-240-8.8-80 8.6-160 26.9-240 8.8-80-17.7-160-71.1-200-97.7L0 0v218z\"\/><\/svg><\/div><div class=\"gb-shape gb-shape-2\"><svg xmlns=\"http:\/\/www.w3.org\/2000\/svg\" viewBox=\"0 0 1200 218\" preserveAspectRatio=\"none\"><path d=\"M0 218h1200v-31.3l-40 4.4c-40 4.8-120 13.1-200 0-80-13.6-160-48.6-240-66.7-80-17.8-160-17.8-240-8.8-80 8.6-160 26.9-240 8.8-80-17.7-160-71.1-200-97.7L0 0v218z\"\/><\/svg><\/div><\/div><\/div>\n\n<div class=\"gb-container gb-container-9540d030\"><div class=\"gb-inside-container\">\n<div class=\"gb-container gb-container-f717da12\"><div class=\"gb-inside-container\">\n<div class=\"gb-grid-wrapper gb-grid-wrapper-7cfbcc29\">\n<div class=\"gb-grid-column gb-grid-column-b61b060a\"><div class=\"gb-container gb-container-b61b060a\"><div class=\"gb-inside-container\">\n\n<h2 class=\"gb-headline gb-headline-8947ce59 gb-headline-text\">Visi\u00f3n<\/h2>\n\n\n\n<p>Ser una empresa l\u00edder en M\u00e9xico en la comercializaci\u00f3n de productos especializados, siendo reconocida por la calidad, precio, servicio y condiciones de compra proporcionado a nuestros clientes, innovando con nuevos productos y con procesos que facilitan la experiencia del cliente.<\/p>\n\n\n\n<p><\/p>\n\n<\/div><\/div><\/div>\n\n<div class=\"gb-grid-column gb-grid-column-7fee4363\"><div class=\"gb-container gb-container-7fee4363\"><div class=\"gb-inside-container\">\n\n<figure class=\"wp-block-image size-full image-style img\"><img loading=\"lazy\" width=\"900\" height=\"900\" src=\"https:\/\/mcclick.com.mx\/wp-content\/uploads\/2022\/12\/flayer.jpg\" alt=\"\" class=\"wp-image-4909\" srcset=\"https:\/\/mcclick.com.mx\/wp-content\/uploads\/2022\/12\/flayer.jpg 900w, https:\/\/mcclick.com.mx\/wp-content\/uploads\/2022\/12\/flayer-300x300.jpg 300w, https:\/\/mcclick.com.mx\/wp-content\/uploads\/2022\/12\/flayer-150x150.jpg 150w, https:\/\/mcclick.com.mx\/wp-content\/uploads\/2022\/12\/flayer-768x768.jpg 768w\" sizes=\"(max-width: 900px) 100vw, 900px\" \/><\/figure>\n\n<\/div><\/div><\/div>\n<\/div>\n<\/div><\/div>\n<\/div><\/div>","protected":false},"excerpt":{"rendered":"","protected":false},"author":1,"featured_media":0,"parent":0,"menu_order":0,"comment_status":"closed","ping_status":"closed","template":"","meta":{"om_disable_all_campaigns":false,"_monsterinsights_skip_tracking":false,"_monsterinsights_sitenote_active":false,"_monsterinsights_sitenote_note":"","_monsterinsights_sitenote_category":0},"aioseo_notices":[],"_links":{"self":[{"href":"https:\/\/mcclick.com.mx\/index.php\/wp-json\/wp\/v2\/pages\/3575"}],"collection":[{"href":"https:\/\/mcclick.com.mx\/index.php\/wp-json\/wp\/v2\/pages"}],"about":[{"href":"https:\/\/mcclick.com.mx\/index.php\/wp-json\/wp\/v2\/types\/page"}],"author":[{"embeddable":true,"href":"https:\/\/mcclick.com.mx\/index.php\/wp-json\/wp\/v2\/users\/1"}],"replies":[{"embeddable":true,"href":"https:\/\/mcclick.com.mx\/index.php\/wp-json\/wp\/v2\/comments?post=3575"}],"version-history":[{"count":14,"href":"https:\/\/mcclick.com.mx\/index.php\/wp-json\/wp\/v2\/pages\/3575\/revisions"}],"predecessor-version":[{"id":4923,"href":"https:\/\/mcclick.com.mx\/index.php\/wp-json\/wp\/v2\/pages\/3575\/revisions\/4923"}],"wp:attachment":[{"href":"https:\/\/mcclick.com.mx\/index.php\/wp-json\/wp\/v2\/media?parent=3575"}],"curies":[{"name":"wp","href":"https:\/\/api.w.org\/{rel}","templated":true}]}}